{"id":498,"date":"2011-01-23T20:09:24","date_gmt":"2011-01-23T19:09:24","guid":{"rendered":"http:\/\/rubiksrun.com\/?page_id=498"},"modified":"2011-02-14T20:15:20","modified_gmt":"2011-02-14T19:15:20","slug":"german-translation-of-article-about-rubiks-run-from-istvan-kocza","status":"publish","type":"page","link":"http:\/\/rubiksrun.com\/?page_id=498","title":{"rendered":"German translation of article about Rubik&#8217;s Run from Istv\u00e1n Kocza"},"content":{"rendered":"<p>Londoner Marathon mit Zauberwuerfeln (Rubik&#8217;s Cubes)<br \/>\n22.01.2011, Samstag 17:39 Uhr , Autor: Kocza Istv\u00e1n <\/p>\n<p>In Aachen (Deutschland) fand am 14.-16. Jan. der \u201eAachener Open 2011\u201c genannte Zauberw\u00fcrfelwettbewerb statt. 16 L\u00e4nder pr\u00e4sentierten 230 Teilnehmer. Damit entstand der bisher zweitgr\u00f6\u00dfte Wettbewerb. Durch diese Teilnehmerzahl als auch durch das Niveau wurden die bisherigen Weltwettbewerbe \u00fcbertroffen. Bei dem Wettbewerb war ich anwesend und mir fiel ein junger Mann auf, der ein T-Shirt mit der Aufschrift: \u201eThe Rubik\u2019s Runner\u201c trug. Da ich durch Laufen als auch durch W\u00fcrfeln involviert bin erkundigte ich mich, was dieses T-Shirt bedeutet und warum er es tr\u00e4gt. Nun, der junge Mann ist ein Deutscher, lebt zur Zeit in London und hei\u00dft Uli Kilian. Sein Plan ist, am 17. April w\u00e4hrend des London Marathons 100 W\u00fcrfel zu l\u00f6sen. Mit dieser Tat will Uli Geld sammeln, die er der \u201eProstate UK\u201c genannten Organisation zukommen lassen will, um die Forschung f\u00fcr den Kampf gegen Prostatakrebs zu unterst\u00fctzen.<\/p>\n<p>Er erz\u00e4hlte mir, dass sein Vater an Prostatakrebs erkrankt war, (den er gl\u00fccklicher Weise \u00fcberwunden hat), und wie sehr sie in der Ohnmacht gegen diese Krankheit frustriert waren. Aber mit seinem Lauf kann er jetzt wenigstens etwas gegen den Prostatakrebs tun. F\u00fcr seinen Lauf hat er sogar eine Homepage gegr\u00fcndet (rubiksrun.com). Dort kann man auf Englisch Informationen \u00fcber ihn und seine weiteren Pl\u00e4ne bekommen. In seinem Blog kann man sein Training verfolgen und sich auch mitteilen. Die Details seines Laufes interessieren mich und ich habe meine Informationen \u00fcber seine Homepage bezogen. Uli m\u00f6chte seinen Lauf offiziell als Guinness Rekord anerkennen lassen. Mit den Guinnes Koordinatoren sind die Einzelheiten noch nicht ganz gekl\u00e4rt und in \u00dcbereinstimmung gebracht. <\/p>\n<p>Laut Drehbuch wird der Ablauf wahrscheinlich folgenderma\u00dfen sein:<br \/>\n\u2022\tZum Experiment braucht Uli 40 W\u00fcrfel.<br \/>\n\u2022\tAlles wird auf Video aufgenommen, wahrscheinlich \u00fcber eine Kopfkamera, die einerseits die einzelnen L\u00f6sungsschritte, andererseits das Gesamtgeschehen dokumentiert.<br \/>\n\u2022\tAlle 40 W\u00fcrfel werden durch die offizielle WCA (World Cube Association) gemischt.<br \/>\n\u2022\tUli wird bei Beginn des Laufes 20 W\u00fcrfel in einem Rucksack oder in einer Spezialweste oder sonstiger Tasche mit sich tragen.<br \/>\n\u2022\tNach einer Stunde trifft er sich an einem vorher verabredetem Punkt mit seinen Helfern, denen er seine 20 gel\u00f6sten W\u00fcrfel \u00fcbergibt und 20 neu gemischte in Empfang nimmt. Dann setzt er seinen Lauf fort.<br \/>\n\u2022\tDie \u00dcbergabe der gel\u00f6sten W\u00fcrfel wird von zwei unabh\u00e4ngigen Augenzeugen und einem amtlich beglaubigtem Notar \u00fcberwacht.<br \/>\n\u2022\tEin solches offizielles Treffen (Tausch von je 20 W\u00fcrfeln) wiederholt sich noch drei Mal.<\/p>\n<p>Ein sch\u00f6ner Plan f\u00fcr ein sch\u00f6nes Ziel!<br \/>\nAls W\u00fcrfler und auch als Marathonl\u00e4ufer werde ich Uli am 17. April die Daumen dr\u00fccken und selbstverst\u00e4ndlich bis dahin mit Aufmerksamkeit seine Homepage verfolgen. \u00dcbrigens war der &#8220;Aachen Open 2011\u201c Ulis erster offizieller WCA Wettbewerb. <\/p>\n","protected":false},"excerpt":{"rendered":"<p>Londoner Marathon mit Zauberwuerfeln (Rubik&#8217;s Cubes) 22.01.2011, Samstag 17:39 Uhr , Autor: Kocza Istv\u00e1n In Aachen (Deutschland) fand am 14.-16. Jan. der \u201eAachener Open 2011\u201c genannte Zauberw\u00fcrfelwettbewerb statt. 16 L\u00e4nder pr\u00e4sentierten 230 Teilnehmer. Damit entstand der bisher zweitgr\u00f6\u00dfte Wettbewerb. Durch diese Teilnehmerzahl als auch durch das Niveau wurden die bisherigen Weltwettbewerbe \u00fcbertroffen. Bei dem Wettbewerb [&hellip;]<\/p>\n","protected":false},"author":1,"featured_media":0,"parent":0,"menu_order":0,"comment_status":"open","ping_status":"open","template":"","meta":[],"_links":{"self":[{"href":"http:\/\/rubiksrun.com\/index.php?rest_route=\/wp\/v2\/pages\/498"}],"collection":[{"href":"http:\/\/rubiksrun.com\/index.php?rest_route=\/wp\/v2\/pages"}],"about":[{"href":"http:\/\/rubiksrun.com\/index.php?rest_route=\/wp\/v2\/types\/page"}],"author":[{"embeddable":true,"href":"http:\/\/rubiksrun.com\/index.php?rest_route=\/wp\/v2\/users\/1"}],"replies":[{"embeddable":true,"href":"http:\/\/rubiksrun.com\/index.php?rest_route=%2Fwp%2Fv2%2Fcomments&post=498"}],"version-history":[{"count":3,"href":"http:\/\/rubiksrun.com\/index.php?rest_route=\/wp\/v2\/pages\/498\/revisions"}],"predecessor-version":[{"id":501,"href":"http:\/\/rubiksrun.com\/index.php?rest_route=\/wp\/v2\/pages\/498\/revisions\/501"}],"wp:attachment":[{"href":"http:\/\/rubiksrun.com\/index.php?rest_route=%2Fwp%2Fv2%2Fmedia&parent=498"}],"curies":[{"name":"wp","href":"https:\/\/api.w.org\/{rel}","templated":true}]}}